{"id":714,"date":"2019-10-06T17:44:22","date_gmt":"2019-10-06T14:44:22","guid":{"rendered":"http:\/\/draculafilm.ro\/?page_id=714"},"modified":"2019-10-07T18:29:02","modified_gmt":"2019-10-07T15:29:02","slug":"copiii-fantastici","status":"publish","type":"page","link":"http:\/\/draculafilm.ro\/2019\/copiii-fantastici\/","title":{"rendered":"Copiii fantastici"},"content":{"rendered":"<div id='evcal_calendar_lungmetraj' class='list_cal ajde_evcal_calendar boxy boxstyle1 ul' ><div class='evo-data' data-cyear=\"2019\" data-cmonth=\"10\" data-runajax=\"1\" data-evc_open=\"0\" data-cal_ver=\"2.7.3\" data-mapscroll=\"true\" data-mapformat=\"roadmap\" data-mapzoom=\"18\" data-mapiconurl=\"\" data-ev_cnt=\"0\" data-show_limit=\"no\" data-tiles=\"yes\" data-sort_by=\"sort_date\" data-filters_on=\"true\" data-range_start=\"0\" data-range_end=\"0\" data-send_unix=\"0\" data-ux_val=\"0\" data-accord=\"0\" data-rtl=\"no\"  ><\/div><div id='evcal_head' class='calendar_header ' ><div class='evo_cal_above'><span class='evo-gototoday-btn' style='display:none' data-mo='10' data-yr='2019' data-dy=''>Luna curent\u0103<\/span><span class='evo-filter-btn'><\/span><span class='evo-sort-btn'><div class='eventon_sort_line' style='display:none'><p data-val='sort_date' data-type='date' class='evs_btn evs_hide' >Data<\/p><p data-val='sort_title' data-type='title' class='evs_btn ' >Titlu<\/p><\/div><\/span><\/div><div class='evo_cal_above_content'><\/div><div class='cal_arguments' style='display:none' data-hide_past=\"no\" data-show_et_ft_img=\"no\" data-event_order=\"ASC\" data-ft_event_priority=\"no\" data-lang=\"L2\" data-month_incre=\"0\" data-only_ft=\"no\" data-hide_ft=\"no\" data-evc_open=\"no\" data-show_limit=\"no\" data-etc_override=\"no\" data-show_limit_redir=\"0\" data-tiles=\"yes\" data-tile_height=\"0\" data-tile_bg=\"1\" data-tile_count=\"2\" data-tile_style=\"1\" data-s=\"\" data-members_only=\"no\" data-ux_val=\"0\" data-show_limit_ajax=\"no\" data-show_limit_paged=\"1\" data-hide_mult_occur=\"no\" data-show_repeats=\"no\" data-hide_end_time=\"no\" data-eventtop_style=\"0\" ><\/div><div class='clear'><\/div><\/div><div class='eventon_sorting_section' style='display:none'><div class='eventon_filter_line '><div class='eventon_filter' data-filter_field='event_type' data-filter_val='36' data-filter_type='tax' data-fl_o='IN'><\/div><div class='eventon_filter' data-filter_field='event_type_2' data-filter_val='all' data-filter_type='tax' data-fl_o='IN'><\/div><div class='eventon_filter' data-filter_field='event_type_3' data-filter_val='all' data-filter_type='tax' data-fl_o='IN'><\/div><div class='eventon_filter' data-filter_field='event_type_4' data-filter_val='all' data-filter_type='tax' data-fl_o='IN'><\/div><div class='eventon_filter' data-filter_field='event_type_5' data-filter_val='all' data-filter_type='tax' data-fl_o='IN'><\/div><div class='eventon_filter' data-filter_field='event_location' data-filter_val='all' data-filter_type='tax' data-fl_o='IN'><\/div><div class='eventon_filter' data-filter_field='event_organizer' data-filter_val='all' data-filter_type='tax' data-fl_o='IN'><\/div><div class='eventon_filter' data-filter_field='event_tag' data-filter_val='all' data-filter_type='tax' data-fl_o='IN'><\/div><\/div><div class='clear'><\/div><\/div><div id='eventon_loadbar_section'><div id='eventon_loadbar'><\/div><\/div><div id='evcal_list' class='eventon_events_list '><div id=\"event_506\" class=\"eventon_list_event evo_eventtop past_event event hasbgimg event_506_0\" data-event_id=\"506\" data-ri=\"0r\" data-time=\"1571482800-1571529000\" data-colr=\"#7f0086\" itemscope itemtype='http:\/\/schema.org\/Event'><div class=\"evo_boxtop\" style=\"background-image: url(http:\/\/draculafilm.ro\/2019\/wp-content\/uploads\/2019\/10\/familia-adams-1991-dracula-film-festival-2019-01.jpg); background-color:#7f0086;height:200px;\"><\/div><div class=\"evo_event_schema\" style=\"display:none\" ><a itemprop='url'  href='http:\/\/draculafilm.ro\/familia-addams-1991\/'><\/a><span itemprop='name'  >Familia Adams (1991)<\/span><meta itemprop='image' content=\"http:\/\/draculafilm.ro\/2019\/wp-content\/uploads\/2019\/10\/familia-adams-1991-dracula-film-festival-2019-01.jpg\" \/><meta itemprop='description' content=\"Regia: Barry Sonnenfeld  Gen film: Comedie  Durata: 102 minute  Rating: Audien\u021b\u0103 general\u0103  Intrarea gratuit\u0103\" \/><meta itemprop='startDate' content=\"2019-10-19T11:00\" \/><meta itemprop='endDate' content=\"2019-10-19T23:50\" \/><meta itemprop='eventStatus' content=\"on-schedule\" \/>\r\n\t\t\t\t\t\t\t\t\t<item style=\"display:none\" itemprop=\"location\" itemscope itemtype=\"http:\/\/schema.org\/Place\">\r\n\t\t\t\t\t\t\t\t\t\t<span itemprop=\"name\">Centrul Cultural Reduta<\/span>\r\n\t\t\t\t\t\t\t\t\t\t<span itemprop=\"address\" itemscope itemtype=\"http:\/\/schema.org\/PostalAddress\">\r\n\t\t\t\t\t\t\t\t\t\t\t<item itemprop=\"streetAddress\">Strada Apollonia Hirscher 8, Bra\u0219ov 500025<\/item>\r\n\t\t\t\t\t\t\t\t\t\t<\/span><\/item><script type=\"application\/ld+json\">{\t\"@context\": \"http:\/\/schema.org\",\r\n\t\t\t\t\t\t\t  \t\"@type\": \"Event\",\r\n\t\t\t\t\t\t\t  \t\"name\": \"Familia Adams (1991)\",\r\n\t\t\t\t\t\t\t  \t\"startDate\": \"2019-10-19T11-11-00-00\",\r\n\t\t\t\t\t\t\t  \t\"endDate\": \"2019-10-19T23-23-50-00\",\r\n\t\t\t\t\t\t\t  \t\"image\":\"http:\/\/draculafilm.ro\/2019\/wp-content\/uploads\/2019\/10\/familia-adams-1991-dracula-film-festival-2019-01.jpg\",\r\n\t\t\t\t\t\t\t  \t\"description\":\"Regia: Barry Sonnenfeld  Gen film: Comedie  Durata: 102 minute  Rating: Audien\u021b\u0103 general\u0103  Intrarea gratuit\u0103\"\r\n\t\t\t\t\t\t\t  \t,\"location\":{\r\n\t\t\t\t\t\t\t\t\t\t\"@type\":\"Place\",\r\n\t\t\t\t\t\t\t\t\t\t\"name\":\"Centrul Cultural Reduta\",\r\n\t\t\t\t\t\t\t\t\t\t\"address\":{\r\n\t\t\t\t\t\t\t\t\t\t\t\"@type\": \"PostalAddress\"\r\n\t\t\t\t\t\t\t\t\t\t\t\"streetAddress\":\"Strada Apollonia Hirscher 8, Bra\u0219ov 500025\"\r\n\t\t\t\t\t\t\t\t\t\t}\r\n\t\t\t\t\t\t\t  \t\t}\r\n\t\t\t\t\t\t\t }<\/script><\/div>\r\n\t\t\t\t<p class=\"desc_trig_outter\"><a data-gmtrig=\"1\" data-exlk=\"1\"  style=\"border-color: #7f0086;padding-top: 215px;height: 310px;\" id=\"evc_1571482800506\" class=\"desc_trig sin_val evcal_list_a\" data-ux_val=\"2\" href=\"http:\/\/draculafilm.ro\/familia-addams-1991\/\"  ><span class='evcal_cblock ' data-bgcolor='#7f0086' data-smon='octombrie' data-syr='2019'><span class='evo_start '><em class='date'>19<\/em><em class='month'>oct.<\/em><em class='time'>11:00<\/em><\/span><em class='clear'><\/em><\/span><span class='evcal_desc evo_info hide_eventtopdata ' data-latlng=\"45.6408359,25.5893081\"  data-location_address=\"Strada Apollonia Hirscher 8, Bra\u0219ov 500025\" data-location_type=\"lonlat\" data-location_name=\"Centrul Cultural Reduta\" data-location_url=\"http:\/\/draculafilm.ro\/2019\/event-location\/centrul-cultural-reduta\/\" data-location_status=\"true\" ><span class='evo_above_title'><\/span><span class='evcal_desc2 evcal_event_title' itemprop='name'>Familia Adams (1991)<\/span><span class='evo_below_title'><span class='evcal_event_subtitle' >Copiii fantastici<\/span><\/span><span class='evcal_desc_info' ><em class='evcal_time'>11:00<\/em> <em class=\"evcal_location\" data-latlng=\"45.6408359,25.5893081\"  data-add_str=\"\"><em class=\"event_location_name\">Centrul Cultural Reduta<\/em><\/em><\/span><span class='evcal_desc3'><\/span><\/span><em class='clear'><\/em><\/a><\/p><div class='clear end'><\/div><\/div><div id=\"event_560\" class=\"eventon_list_event evo_eventtop past_event event hasbgimg event_560_0\" data-event_id=\"560\" data-ri=\"0r\" data-time=\"1571482800-1571529000\" data-colr=\"#3eb2ff\" itemscope itemtype='http:\/\/schema.org\/Event'><div class=\"evo_boxtop\" style=\"background-image: url(http:\/\/draculafilm.ro\/2019\/wp-content\/uploads\/2019\/10\/familia-adams-2019-dracula-film-festival-2019-01.jpg); background-color:#3eb2ff;height:200px;\"><\/div><div class=\"evo_event_schema\" style=\"display:none\" ><a itemprop='url'  href='http:\/\/draculafilm.ro\/familia-addams-2019\/'><\/a><span itemprop='name'  >Familia Addams 3D (2019)<\/span><meta itemprop='image' content=\"http:\/\/draculafilm.ro\/2019\/wp-content\/uploads\/2019\/10\/familia-adams-2019-dracula-film-festival-2019-01.jpg\" \/><meta itemprop='description' content=\"Regia: Greg Tiernan, Conrad Vernon  Cu: Charlize Theron, Chlo\u00eb Grace Moretz, Oscar Isaac, Finn Wolfhard, Allison Janney, Aimee Garcia, Nick Kroll  Gen film: Anima\u0163ie, Comedie, Familie, Fantastic, Horror  Durata: 105 minute  Rating: Audien\u021b\u0103 general\u0103  Pre\u021b\" \/><meta itemprop='startDate' content=\"2019-10-19T11:00\" \/><meta itemprop='endDate' content=\"2019-10-19T23:50\" \/><meta itemprop='eventStatus' content=\"on-schedule\" \/>\r\n\t\t\t\t\t\t\t\t\t<item style=\"display:none\" itemprop=\"location\" itemscope itemtype=\"http:\/\/schema.org\/Place\">\r\n\t\t\t\t\t\t\t\t\t\t<span itemprop=\"name\">Cinema ONE<\/span>\r\n\t\t\t\t\t\t\t\t\t\t<span itemprop=\"address\" itemscope itemtype=\"http:\/\/schema.org\/PostalAddress\">\r\n\t\t\t\t\t\t\t\t\t\t\t<item itemprop=\"streetAddress\">Coresi Shopping Resort, Strada Zaharia Stancu 1, Bra\u0219ov 500167<\/item>\r\n\t\t\t\t\t\t\t\t\t\t<\/span><\/item><script type=\"application\/ld+json\">{\t\"@context\": \"http:\/\/schema.org\",\r\n\t\t\t\t\t\t\t  \t\"@type\": \"Event\",\r\n\t\t\t\t\t\t\t  \t\"name\": \"Familia Addams 3D (2019)\",\r\n\t\t\t\t\t\t\t  \t\"startDate\": \"2019-10-19T11-11-00-00\",\r\n\t\t\t\t\t\t\t  \t\"endDate\": \"2019-10-19T23-23-50-00\",\r\n\t\t\t\t\t\t\t  \t\"image\":\"http:\/\/draculafilm.ro\/2019\/wp-content\/uploads\/2019\/10\/familia-adams-2019-dracula-film-festival-2019-01.jpg\",\r\n\t\t\t\t\t\t\t  \t\"description\":\"Regia: Greg Tiernan, Conrad Vernon  Cu: Charlize Theron, Chlo\u00eb Grace Moretz, Oscar Isaac, Finn Wolfhard, Allison Janney, Aimee Garcia, Nick Kroll  Gen film: Anima\u0163ie, Comedie, Familie, Fantastic, Horror  Durata: 105 minute  Rating: Audien\u021b\u0103 general\u0103  Pre\u021b\"\r\n\t\t\t\t\t\t\t  \t,\"location\":{\r\n\t\t\t\t\t\t\t\t\t\t\"@type\":\"Place\",\r\n\t\t\t\t\t\t\t\t\t\t\"name\":\"Cinema ONE\",\r\n\t\t\t\t\t\t\t\t\t\t\"address\":{\r\n\t\t\t\t\t\t\t\t\t\t\t\"@type\": \"PostalAddress\"\r\n\t\t\t\t\t\t\t\t\t\t\t\"streetAddress\":\"Coresi Shopping Resort, Strada Zaharia Stancu 1, Bra\u0219ov 500167\"\r\n\t\t\t\t\t\t\t\t\t\t}\r\n\t\t\t\t\t\t\t  \t\t}\r\n\t\t\t\t\t\t\t }<\/script><\/div>\r\n\t\t\t\t<p class=\"desc_trig_outter\"><a data-gmap_status=\"null\" data-exlk=\"1\"  style=\"border-color: #3eb2ff;padding-top: 215px;height: 310px;\" id=\"evc_1571482800560\" class=\"desc_trig sin_val evcal_list_a\" data-ux_val=\"2\" href=\"http:\/\/draculafilm.ro\/familia-addams-2019\/\"  ><span class='evcal_cblock ' data-bgcolor='#3eb2ff' data-smon='octombrie' data-syr='2019'><span class='evo_start '><em class='date'>19<\/em><em class='month'>oct.<\/em><em class='time'>11:00<\/em><\/span><em class='clear'><\/em><\/span><span class='evcal_desc evo_info hide_eventtopdata ' data-latlng=\"45.6729839,25.6141816\"  data-location_address=\"Coresi Shopping Resort, Strada Zaharia Stancu 1, Bra\u0219ov 500167\" data-location_type=\"lonlat\" data-location_name=\"Cinema ONE\" data-location_url=\"http:\/\/draculafilm.ro\/2019\/event-location\/cinema-one\/\" data-location_status=\"true\" ><span class='evo_above_title'><\/span><span class='evcal_desc2 evcal_event_title' itemprop='name'>Familia Addams 3D (2019)<\/span><span class='evo_below_title'><span class='evcal_event_subtitle' >Special Dracula Film Festival<\/span><\/span><span class='evcal_desc_info' ><em class='evcal_time'>11:00<\/em> <em class=\"evcal_location\" data-latlng=\"45.6729839,25.6141816\"  data-add_str=\"\"><em class=\"event_location_name\">Cinema ONE<\/em><\/em><\/span><span class='evcal_desc3'><\/span><\/span><em class='clear'><\/em><\/a><\/p><div class='clear end'><\/div><\/div><div id=\"event_549\" class=\"eventon_list_event evo_eventtop past_event event hasbgimg event_549_0\" data-event_id=\"549\" data-ri=\"0r\" data-time=\"1571569200-1571615400\" data-colr=\"#7f0086\" itemscope itemtype='http:\/\/schema.org\/Event'><div class=\"evo_boxtop\" style=\"background-image: url(http:\/\/draculafilm.ro\/2019\/wp-content\/uploads\/2019\/10\/hotel-transilvania-3-monstrii-in-vacanta-dracula-film-festival-2019-01.jpg); background-color:#7f0086;height:200px;\"><\/div><div class=\"evo_event_schema\" style=\"display:none\" ><a itemprop='url'  href='#'><\/a><span itemprop='name'  >Hotel Transilvania 3: Mon\u015ftrii \u00een Vacan\u0163\u0103<\/span><meta itemprop='image' content=\"http:\/\/draculafilm.ro\/2019\/wp-content\/uploads\/2019\/10\/hotel-transilvania-3-monstrii-in-vacanta-dracula-film-festival-2019-01.jpg\" \/><meta itemprop='description' content=\"Regia: Genndy Tartakovsky  Cu: Adam Sandler, Steve Buscemi, Andy Samberg, Selena Gomez, Mel Brooks, Fran Drescher  Gen film: Anima\u0163ie, Comedie, Familie, Fantastic  Durata: 97 minute  Rating: Audien\u021b\u0103 general\u0103  Intrarea gratuit\u0103    Sinopsis:  \u00cen filmul de anima\u0163ie al Sony\" \/><meta itemprop='startDate' content=\"2019-10-20T11:00\" \/><meta itemprop='endDate' content=\"2019-10-20T23:50\" \/><meta itemprop='eventStatus' content=\"on-schedule\" \/>\r\n\t\t\t\t\t\t\t\t\t<item style=\"display:none\" itemprop=\"location\" itemscope itemtype=\"http:\/\/schema.org\/Place\">\r\n\t\t\t\t\t\t\t\t\t\t<span itemprop=\"name\">Cinemateca Patria<\/span>\r\n\t\t\t\t\t\t\t\t\t\t<span itemprop=\"address\" itemscope itemtype=\"http:\/\/schema.org\/PostalAddress\">\r\n\t\t\t\t\t\t\t\t\t\t\t<item itemprop=\"streetAddress\">Bulevardul 15 Noiembrie 50, Bra\u0219ov<\/item>\r\n\t\t\t\t\t\t\t\t\t\t<\/span><\/item><script type=\"application\/ld+json\">{\t\"@context\": \"http:\/\/schema.org\",\r\n\t\t\t\t\t\t\t  \t\"@type\": \"Event\",\r\n\t\t\t\t\t\t\t  \t\"name\": \"Hotel Transilvania 3: Mon\u015ftrii \u00een Vacan\u0163\u0103\",\r\n\t\t\t\t\t\t\t  \t\"startDate\": \"2019-10-20T11-11-00-00\",\r\n\t\t\t\t\t\t\t  \t\"endDate\": \"2019-10-20T23-23-50-00\",\r\n\t\t\t\t\t\t\t  \t\"image\":\"http:\/\/draculafilm.ro\/2019\/wp-content\/uploads\/2019\/10\/hotel-transilvania-3-monstrii-in-vacanta-dracula-film-festival-2019-01.jpg\",\r\n\t\t\t\t\t\t\t  \t\"description\":\"Regia: Genndy Tartakovsky  Cu: Adam Sandler, Steve Buscemi, Andy Samberg, Selena Gomez, Mel Brooks, Fran Drescher  Gen film: Anima\u0163ie, Comedie, Familie, Fantastic  Durata: 97 minute  Rating: Audien\u021b\u0103 general\u0103  Intrarea gratuit\u0103    Sinopsis:  \u00cen filmul de anima\u0163ie al Sony\"\r\n\t\t\t\t\t\t\t  \t,\"location\":{\r\n\t\t\t\t\t\t\t\t\t\t\"@type\":\"Place\",\r\n\t\t\t\t\t\t\t\t\t\t\"name\":\"Cinemateca Patria\",\r\n\t\t\t\t\t\t\t\t\t\t\"address\":{\r\n\t\t\t\t\t\t\t\t\t\t\t\"@type\": \"PostalAddress\"\r\n\t\t\t\t\t\t\t\t\t\t\t\"streetAddress\":\"Bulevardul 15 Noiembrie 50, Bra\u0219ov\"\r\n\t\t\t\t\t\t\t\t\t\t}\r\n\t\t\t\t\t\t\t  \t\t}\r\n\t\t\t\t\t\t\t }<\/script><\/div>\r\n\t\t\t\t<p class=\"desc_trig_outter\"><a data-gmap_status=\"null\" data-exlk=\"1\"  style=\"border-color: #7f0086;padding-top: 215px;height: 310px;\" id=\"evc_1571569200549\" class=\"desc_trig sin_val evcal_list_a\" data-ux_val=\"2\" href=\"#\"  ><span class='evcal_cblock ' data-bgcolor='#7f0086' data-smon='octombrie' data-syr='2019'><span class='evo_start '><em class='date'>20<\/em><em class='month'>oct.<\/em><em class='time'>11:00<\/em><\/span><em class='clear'><\/em><\/span><span class='evcal_desc evo_info hide_eventtopdata ' data-latlng=\"45.647832,25.603915\"  data-location_address=\"Bulevardul 15 Noiembrie 50, Bra\u0219ov\" data-location_type=\"lonlat\" data-location_name=\"Cinemateca Patria\" data-location_url=\"http:\/\/draculafilm.ro\/2019\/event-location\/cinemateca-patria\/\" data-location_status=\"true\" ><span class='evo_above_title'><\/span><span class='evcal_desc2 evcal_event_title' itemprop='name'>Hotel Transilvania 3: Mon\u015ftrii \u00een Vacan\u0163\u0103<\/span><span class='evo_below_title'><span class='evcal_event_subtitle' >Copiii fantastici<\/span><\/span><span class='evcal_desc_info' ><em class='evcal_time'>11:00<\/em> <em class=\"evcal_location\" data-latlng=\"45.647832,25.603915\"  data-add_str=\"\"><em class=\"event_location_name\">Cinemateca Patria<\/em><\/em><\/span><span class='evcal_desc3'><\/span><\/span><em class='clear'><\/em><\/a><\/p><div class='clear end'><\/div><\/div><div id=\"event_564\" class=\"eventon_list_event evo_eventtop past_event event hasbgimg event_564_0\" data-event_id=\"564\" data-ri=\"0r\" data-time=\"1571569200-1571615400\" data-colr=\"#3eb2ff\" itemscope itemtype='http:\/\/schema.org\/Event'><div class=\"evo_boxtop\" style=\"background-image: url(http:\/\/draculafilm.ro\/2019\/wp-content\/uploads\/2019\/10\/familia-adams-2019-dracula-film-festival-2019-01.jpg); background-color:#3eb2ff;height:200px;\"><\/div><div class=\"evo_event_schema\" style=\"display:none\" ><a itemprop='url'  href='http:\/\/draculafilm.ro\/familia-addams-2019-2\/'><\/a><span itemprop='name'  >Familia Addams 3D (2019)<\/span><meta itemprop='image' content=\"http:\/\/draculafilm.ro\/2019\/wp-content\/uploads\/2019\/10\/familia-adams-2019-dracula-film-festival-2019-01.jpg\" \/><meta itemprop='description' content=\"Regia: Greg Tiernan, Conrad Vernon  Cu: Charlize Theron, Chlo\u00eb Grace Moretz, Oscar Isaac, Finn Wolfhard, Allison Janney, Aimee Garcia, Nick Kroll  Gen film: Anima\u0163ie, Comedie, Familie, Fantastic, Horror  Durata: 105 minute  Rating: Audien\u021b\u0103 general\u0103  Pre\u021b\" \/><meta itemprop='startDate' content=\"2019-10-20T11:00\" \/><meta itemprop='endDate' content=\"2019-10-20T23:50\" \/><meta itemprop='eventStatus' content=\"on-schedule\" \/>\r\n\t\t\t\t\t\t\t\t\t<item style=\"display:none\" itemprop=\"location\" itemscope itemtype=\"http:\/\/schema.org\/Place\">\r\n\t\t\t\t\t\t\t\t\t\t<span itemprop=\"name\">Cinema ONE<\/span>\r\n\t\t\t\t\t\t\t\t\t\t<span itemprop=\"address\" itemscope itemtype=\"http:\/\/schema.org\/PostalAddress\">\r\n\t\t\t\t\t\t\t\t\t\t\t<item itemprop=\"streetAddress\">Coresi Shopping Resort, Strada Zaharia Stancu 1, Bra\u0219ov 500167<\/item>\r\n\t\t\t\t\t\t\t\t\t\t<\/span><\/item><script type=\"application\/ld+json\">{\t\"@context\": \"http:\/\/schema.org\",\r\n\t\t\t\t\t\t\t  \t\"@type\": \"Event\",\r\n\t\t\t\t\t\t\t  \t\"name\": \"Familia Addams 3D (2019)\",\r\n\t\t\t\t\t\t\t  \t\"startDate\": \"2019-10-20T11-11-00-00\",\r\n\t\t\t\t\t\t\t  \t\"endDate\": \"2019-10-20T23-23-50-00\",\r\n\t\t\t\t\t\t\t  \t\"image\":\"http:\/\/draculafilm.ro\/2019\/wp-content\/uploads\/2019\/10\/familia-adams-2019-dracula-film-festival-2019-01.jpg\",\r\n\t\t\t\t\t\t\t  \t\"description\":\"Regia: Greg Tiernan, Conrad Vernon  Cu: Charlize Theron, Chlo\u00eb Grace Moretz, Oscar Isaac, Finn Wolfhard, Allison Janney, Aimee Garcia, Nick Kroll  Gen film: Anima\u0163ie, Comedie, Familie, Fantastic, Horror  Durata: 105 minute  Rating: Audien\u021b\u0103 general\u0103  Pre\u021b\"\r\n\t\t\t\t\t\t\t  \t,\"location\":{\r\n\t\t\t\t\t\t\t\t\t\t\"@type\":\"Place\",\r\n\t\t\t\t\t\t\t\t\t\t\"name\":\"Cinema ONE\",\r\n\t\t\t\t\t\t\t\t\t\t\"address\":{\r\n\t\t\t\t\t\t\t\t\t\t\t\"@type\": \"PostalAddress\"\r\n\t\t\t\t\t\t\t\t\t\t\t\"streetAddress\":\"Coresi Shopping Resort, Strada Zaharia Stancu 1, Bra\u0219ov 500167\"\r\n\t\t\t\t\t\t\t\t\t\t}\r\n\t\t\t\t\t\t\t  \t\t}\r\n\t\t\t\t\t\t\t }<\/script><\/div>\r\n\t\t\t\t<p class=\"desc_trig_outter\"><a data-gmap_status=\"null\" data-exlk=\"1\"  style=\"border-color: #3eb2ff;padding-top: 215px;height: 310px;\" id=\"evc_1571569200564\" class=\"desc_trig sin_val evcal_list_a\" data-ux_val=\"2\" href=\"http:\/\/draculafilm.ro\/familia-addams-2019-2\/\"  ><span class='evcal_cblock ' data-bgcolor='#3eb2ff' data-smon='octombrie' data-syr='2019'><span class='evo_start '><em class='date'>20<\/em><em class='month'>oct.<\/em><em class='time'>11:00<\/em><\/span><em class='clear'><\/em><\/span><span class='evcal_desc evo_info hide_eventtopdata ' data-latlng=\"45.6729839,25.6141816\"  data-location_address=\"Coresi Shopping Resort, Strada Zaharia Stancu 1, Bra\u0219ov 500167\" data-location_type=\"lonlat\" data-location_name=\"Cinema ONE\" data-location_url=\"http:\/\/draculafilm.ro\/2019\/event-location\/cinema-one\/\" data-location_status=\"true\" ><span class='evo_above_title'><\/span><span class='evcal_desc2 evcal_event_title' itemprop='name'>Familia Addams 3D (2019)<\/span><span class='evo_below_title'><span class='evcal_event_subtitle' >Special Dracula Film Festival<\/span><\/span><span class='evcal_desc_info' ><em class='evcal_time'>11:00<\/em> <em class=\"evcal_location\" data-latlng=\"45.6729839,25.6141816\"  data-add_str=\"\"><em class=\"event_location_name\">Cinema ONE<\/em><\/em><\/span><span class='evcal_desc3'><\/span><\/span><em class='clear'><\/em><\/a><\/p><div class='clear end'><\/div><\/div><\/div><div class='clear'><\/div><\/div><!-- ajde_evcal_calendar-->\n","protected":false},"excerpt":{"rendered":"Regia: Greg Tiernan, Conrad Vernon Cu: Charlize Theron, Chlo\u00eb Grace Moretz, Oscar Isaac, Finn Wolfhard, Allison Janney, Aimee Garcia, Nick Kroll Gen film: Anima\u0163ie, Comedie, Familie, Fantastic, Horror Durata: 105...","protected":false},"author":3,"featured_media":0,"parent":0,"menu_order":0,"comment_status":"closed","ping_status":"closed","template":"page-sidebar.php","meta":[],"yoast_head":"<!-- This site is optimized with the Yoast SEO plugin v15.0 - https:\/\/yoast.com\/wordpress\/plugins\/seo\/ -->\n<title>Copiii fantastici - Dracula Film Festival - 2019<\/title>\n<meta name=\"robots\" content=\"noindex, follow\" \/>\n<meta property=\"og:locale\" content=\"ro_RO\" \/>\n<meta property=\"og:type\" content=\"article\" \/>\n<meta property=\"og:title\" content=\"Copiii fantastici - Dracula Film Festival - 2019\" \/>\n<meta property=\"og:url\" content=\"http:\/\/draculafilm.ro\/2019\/copiii-fantastici\/\" \/>\n<meta property=\"og:site_name\" content=\"Dracula Film Festival - 2019\" \/>\n<meta property=\"article:modified_time\" content=\"2019-10-07T15:29:02+00:00\" \/>\n<meta name=\"twitter:card\" content=\"summary_large_image\" \/>\n<script type=\"application\/ld+json\" class=\"yoast-schema-graph\">{\"@context\":\"https:\/\/schema.org\",\"@graph\":[{\"@type\":\"WebSite\",\"@id\":\"http:\/\/draculafilm.ro\/2019\/#website\",\"url\":\"http:\/\/draculafilm.ro\/2019\/\",\"name\":\"Dracula Film Festival - 2019\",\"description\":\"Dracula Film Festival - Horror &amp; Fantasy Film Festival.\",\"potentialAction\":[{\"@type\":\"SearchAction\",\"target\":\"http:\/\/draculafilm.ro\/2019\/?s={search_term_string}\",\"query-input\":\"required name=search_term_string\"}],\"inLanguage\":\"ro-RO\"},{\"@type\":\"WebPage\",\"@id\":\"http:\/\/draculafilm.ro\/2019\/copiii-fantastici\/#webpage\",\"url\":\"http:\/\/draculafilm.ro\/2019\/copiii-fantastici\/\",\"name\":\"Copiii fantastici - Dracula Film Festival - 2019\",\"isPartOf\":{\"@id\":\"http:\/\/draculafilm.ro\/2019\/#website\"},\"datePublished\":\"2019-10-06T14:44:22+00:00\",\"dateModified\":\"2019-10-07T15:29:02+00:00\",\"inLanguage\":\"ro-RO\",\"potentialAction\":[{\"@type\":\"ReadAction\",\"target\":[\"http:\/\/draculafilm.ro\/2019\/copiii-fantastici\/\"]}]}]}<\/script>\n<!-- \/ Yoast SEO plugin. -->","_links":{"self":[{"href":"http:\/\/draculafilm.ro\/2019\/wp-json\/wp\/v2\/pages\/714"}],"collection":[{"href":"http:\/\/draculafilm.ro\/2019\/wp-json\/wp\/v2\/pages"}],"about":[{"href":"http:\/\/draculafilm.ro\/2019\/wp-json\/wp\/v2\/types\/page"}],"author":[{"embeddable":true,"href":"http:\/\/draculafilm.ro\/2019\/wp-json\/wp\/v2\/users\/3"}],"replies":[{"embeddable":true,"href":"http:\/\/draculafilm.ro\/2019\/wp-json\/wp\/v2\/comments?post=714"}],"version-history":[{"count":1,"href":"http:\/\/draculafilm.ro\/2019\/wp-json\/wp\/v2\/pages\/714\/revisions"}],"predecessor-version":[{"id":715,"href":"http:\/\/draculafilm.ro\/2019\/wp-json\/wp\/v2\/pages\/714\/revisions\/715"}],"wp:attachment":[{"href":"http:\/\/draculafilm.ro\/2019\/wp-json\/wp\/v2\/media?parent=714"}],"curies":[{"name":"wp","href":"https:\/\/api.w.org\/{rel}","templated":true}]}}